t j(y) = -y**2 + 5*y + 2. Let g be j(5). Suppose -14 - 214 = -g*h. Suppose 0 = -m + h - 48. Calculate the highest common factor of 6 and m.
6
Suppose 0*j + 3*h + 78 = 3*j, 0 = 4*h - 16. Suppose 0 = -56*g + 43*g + 3120. Calculate the highest common factor of j and g.
30
Suppose -3*p = 5*t - 2*p - 96, -t = p - 16. Let n be (-24)/((18/(-80))/3). Suppose -s - n = -5*s. Calculate the highest common factor of t and s.
20
Let t be (-4)/(-5) + 21/5. Suppose -2*g = -33 + t. Calculate the highest common factor of 70 and g.
14
Let f be 120*(-6)/(-28) + 28/98. Calculate the greatest common factor of f and 65.
13
Suppose 0 = 178*v - 190*v + 804. What is the greatest common factor of 2 and v?
1
Suppose s - 2*s = -5*j - 20, 0 = -4*s + 3*j + 63. Suppose -3*b = s - 435. Calculate the greatest common factor of b and 20.
20
Suppose 7*s + 16 = 30. What is the highest common divisor of s and 106?
2
Let o = -24 + 9. Let r = o - -20. Let d = -14 + 59. Calculate the greatest common factor of r and d.
5
Suppose 0 = 3*r - 3*p - 27, -p + 11 = 4*r - 35. Suppose -r*t + 126 = -8*t. Let z be (-28)/(-2) + 1 + -1. What is the greatest common divisor of t and z?
14
Let c = 170 + -110. What is the highest common divisor of c and 48?
12
Suppose -30 = -5*l + 195. Let i be (-14)/(-21) - (-106)/3. Let w = -6 + i. What is the highest common divisor of l and w?
15
Let q = 226 - 178. What is the highest common factor of 16 and q?
16
Let h = 673 + -376. Suppose -12*z = -9*z - h. Let o be -1 + -2 + 2 + 12. Calculate the highest common factor of z and o.
11
Let z = -1744 + 2584. Suppose a - 8*a + z = 0. What is the highest common factor of a and 15?
15
Let g = -14 - -39. Suppose 3*r - 2*r = g. Let y = r - 20. What is the greatest common divisor of 45 and y?
5
Suppose -168*b + 494 = v - 171*b, -4*v - 3*b + 1976 = 0. Calculate the highest common factor of 26 and v.
26
Suppose 3*s - 25 = -5*x, 5*x + 61 = 3*s - 4. Suppose 5*v = 243 + 582. Calculate the greatest common divisor of v and s.
15
Let g(n) = 8*n**2 + n + 2*n**2 - 9*n**2 + 16. Let s be g(0). What is the highest common divisor of 48 and s?
16
Let h(m) = 25*m + 18. Let f be h(-3). Let x = f - -105. What is the highest common divisor of x and 3?
3
Let y(i) = 72*i**2 + 3*i - 1. Let g be y(2). Let z = g - -81. What is the highest common divisor of 34 and z?
34
Suppose 102*z = 44*z + 13920. What is the highest common divisor of z and 15?
15
Let t be -78*2/(-4) - (-8 + 3). What is the greatest common divisor of 286 and t?
22
Let m be ((-2)/(-4) + -1)*(-4536)/(-27). Let d = -44 - m. Calculate the greatest common factor of d and 10.
10
Let k be 902/55 + 8 + (-2)/5. What is the highest common divisor of 60 and k?
12
Let w = -1472 - -3341. Suppose -567 - 371 = -2*a - 4*g, 4*a = -g + w. Suppose -5*p + a = -83. Calculate the highest common divisor of p and 10.
10
Let b = -260 - -278. Calculate the greatest common divisor of 186 and b.
6
Let f be (1 - 130)*40/(-24). Calculate the greatest common divisor of 258 and f.
43
Let h = 50 + -22. Suppose 2*l = 3*l + h. Let y = l + 44. What is the greatest common divisor of 16 and y?
16
Let c be 1*(1 - (-9)/(-4))*-16. Let n = 200 + -129. Let x = n + -41. Calculate the greatest common factor of c and x.
10
Let z = -10 - -24. Let k(m) = -123*m**3 + 4*m**2 - m - 2. Let n be k(-1). What is the greatest common factor of n and z?
14
Suppose -3*t + 12*x - 15*x = -741, 3*t + 4*x = 741. What is the greatest common factor of t and 38?
19
Let j be 4 + 1*12/(-4). Let c be -4*(-395)/60 + j/(-3). Calculate the highest common divisor of c and 104.
26
Suppose 3*m - i - 233 = 0, 24*m - 4*i + 360 = 29*m. Let b(v) = -63*v + 1. Let a be b(-3). Calculate the greatest common divisor of a and m.
38
Let i = 50 + -56. Let k be -1*i/(-6) + 8. What is the highest common factor of k and 77?
7
Let h be (15 + -30)*(-2 + 1). What is the greatest common factor of h and 615?
15
Let y = 739 + -689. What is the highest common factor of y and 250?
50
Suppose 12*x - 367 = 305. What is the greatest common divisor of 392 and x?
56
Let f be (-361)/(-6) + ((-632)/48 - -13). Calculate the greatest common divisor of f and 130.
10
Let w = 28 + -9. Let o be 13 + (-3 - -1)*-3. Calculate the greatest common factor of w and o.
19
Let z(i) = 14*i**2 - 3*i + 2. Let g be z(2). Let s = 10 + -7. Suppose s*p - 124 = 110. What is the greatest common factor of p and g?
26
Suppose -2808 = -b - 7*b. Let a = 31 - -2. Suppose -r - 3*d = -a, -17 - 32 = -r + 5*d. What is the greatest common factor of b and r?
39
Let m be (-6)/(-9)*(-6)/(-4). Suppose 0*u + 5*u - 140 = 0. Suppose k - 2*a + 1 - 2 = 0, -3*k = -a - u. What is the greatest common factor of m and k?
1
Let k = 279 - 262. What is the greatest common divisor of k and 17?
17
Let m = -2035 - -2077. What is the greatest common divisor of 1554 and m?
42
Let q be 409/4 - (-4)/(-16). Suppose -22 = -5*y - q. Let a(c) = -c - 3. Let f be a(y). Calculate the highest common factor of 13 and f.
13
Let z(l) = -l**2 + 12*l + 8. Let m be z(11). What is the highest common factor of m and 57?
19
Let r(h) = h**3 + h**2 + 6*h - 6. Let g be r(1). What is the highest common factor of 4 and g?
2
Let z be 2 - 1 - (-3 - 23). Let q = -145 + 148. Calculate the greatest common factor of z and q.
3
Suppose m - 5*c - 72 = -m, 5*m = -4*c + 147. Let q = -26 - -243. Calculate the highest common divisor of m and q.
31
Let i be -2 + 0 + (168 - (-10)/5). Calculate the highest common factor of 36 and i.
12
Let o(g) = g**3 + 12*g**2 - 2*g - 16. Let z be o(-12). Suppose 2*k = 10 - z. Calculate the greatest common factor of k and 7.
1
Suppose -w = -d + 209, 2*d - 418 = -7*w + 8*w. Calculate the highest common divisor of d and 38.
19
Let y(z) = 4*z + 2 - 19 - 9*z + 0*z. Let u be y(-7). Calculate the highest common divisor of u and 18.
18
Let x = -553 - -826. What is the greatest common divisor of x and 42?
21
Let r = -30 - -49. Suppose c - 21 = -r. What is the greatest common factor of c and 2?
2
Suppose 0 = -2*a + 3*a - 60. Let o be ((-18)/(-25))/((-3)/20)*10. Let z be 4/(-6)*o + -2. What is the highest common divisor of z and a?
30
Let f be (-3)/15 + ((-142)/(-10) - 2). What is the greatest common factor of f and 9?
3
Let i(g) = -24*g - 8. Let k be i(-4). Calculate the highest common factor of 16 and k.
8
Suppose -28*a = 30*a - 13108. Calculate the greatest common factor of 2 and a.
2
Let x = -23 - -4. Let g be (8 + x)*2*(0 - 1). Calculate the highest common divisor of g and 22.
22
Suppose 3*x = 2*d + 144, 4*x - 49 = -5*d + 143. Suppose -x = -i - 18. What is the highest common factor of i and 40?
10
Suppose 2 = -3*g + 2*x + 2*x, -2*x = -g - 2. Let p(c) = -3 - g*c - 3 - 1. Let m be p(-6). What is the highest common divisor of 55 and m?
5
Let z be (-302)/(-12) - 19/114. Suppose -5*n + 9*n - 43 = -3*j, 0 = -5*j + 5*n + z. Calculate the greatest common factor of 6 and j.
3
Let m = -10 - -14. Let a be 288/10 + 24/(-30). Let j = -16 + a. What is the highest common factor of j and m?
4
Let n = 11 + -11. Let o(l) = -l**2 + l + 22. Let p be o(n). Calculate the highest common factor of 110 and p.
22
Suppose f - z = -0*z + 16, -5*f - z = -74. Let o be (-2)/(-10) - (-312)/f. Let g(w) = -5*w - 9. Let y be g(-6). What is the highest common divisor of o and y?
21
Suppose 714 = -5*z - 2*f - 2*f, -3*f = -4*z - 565. Let l = -79 - z. Calculate the highest common factor of 7 and l.
7
Let c(b) = 28*b**3 - b**2 + b. Let a be c(1). Let n(k) = 2*k + 12. Let j be n(-5). Suppose -j*z = 152 - 160. What is the greatest common factor of a and z?
4
Let k = 12 + -14. Let i be 0/(-3)*(1 + k). Suppose -5*l + 554 + 391 = i. Calculate the greatest common factor of l and 27.
27
Let c be (-2414)/18 - ((-8)/(-36))/(-2). Let y = -125 - c. Let t = -15 + 21. What is the greatest common factor of y and t?
3
Let w(b) = -b**3 - 18*b**2 + 6*b + 29. Let l be w(-19). What is the greatest common divisor of l and 207?
69
Let o(u) = u**3 - 22*u**2 + 23*u - 20. Let s be o(22). Calculate the greatest common divisor of s and 36.
18
Suppose 60 = -5*q + 5*s + 80, -5*q + 3*s + 20 = 0. Calculate the greatest common factor of 102 and q.
2
Suppose 2 = 13*y - 1051. Suppose -9 = -3*g - 63. Let d = g + 27. What is the greatest common divisor of d and y?
9
Suppose -2*h = h + c - 961, 2*c = -3*h + 962. Su